3*w**2. Let v be n(8). Let j(o) = -55*o + 1. Let p be j(-1). What is the greatest common divisor of p and v?
7
Let d = -43 + 47. Calculate the greatest common divisor of 68 and d.
4
Let y(l) = 5*l + 10. Let i be y(7). Let n = 12 + -3. What is the greatest common factor of n and i?
9
Let d(s) = 8*s**2 + 7*s + 4. Let f be d(-4). Let m = f + -49. Calculate the greatest common divisor of m and 5.
5
Suppose 0 = 3*u + 8*z - 3*z - 150, 6 = -2*z. Let l(p) = p**3 - 6*p**2 + 7*p - 5. Let i be l(5). What is the highest common divisor of u and i?
5
Suppose 4*g = -9 + 129. Let y = -1 + 3. Let d be 2 + y*5 - 0. What is the greatest common factor of d and g?
6
Let b = -476 + 672. Calculate the greatest common divisor of b and 28.
28
Let c(s) = 7*s - 34. Let h be c(19). Calculate the greatest common factor of h and 66.
33
Let y = 113 + -107. What is the highest common divisor of 102 and y?
6
Suppose 12 = b - 0*b. Suppose -336 = -4*z - 0*z. What is the greatest common divisor of b and z?
12
Suppose 0 = -5*x + 10, o - 4*o + 3*x = -6. Suppose o*d + 15 = c + 5*d, 5*d + 5 = 0. Suppose 8*b - 5*b - 48 = 0. Calculate the greatest common factor of c and b.
16
Let i be 6 + (1 - 2 - 0). Suppose -4*a - l = -22, -i*a - 3*l + 22 = l. Let p be a/9 + 166/3. What is the highest common divisor of 14 and p?
14
Suppose 5*n = 1168 + 1882. Suppose -602 = -5*q + 3*v, -4*q = q + 5*v - n. What is the greatest common divisor of 11 and q?
11
Let d(x) = -1 + 3*x + 2*x - 4*x + 6*x**2. Let i be d(-2). What is the greatest common factor of i and 63?
21
Let j(m) = m**3 + 2*m**2 - 4*m - 1. Let q be j(-3). Calculate the greatest common divisor of q and 3.
1
Suppose -4*b + 127 = 5*q, 72 = 3*q + b - 0*b. What is the greatest common factor of q and 115?
23
Suppose 19*q + 3*y - 14 = 17*q, 0 = 2*y + 4. What is the greatest common factor of 8 and q?
2
Let r be (-1)/(-1) - (-7)/1. Let y = 16 - r. Suppose 3*p - 5*d - 14 = -0*p, y = p - d. What is the highest common divisor of 13 and p?
13
Suppose 8*k = 3*k - 3*l + 56, -4*k - 3*l + 46 = 0. Suppose -5*y = -0*y - 2*i - 54, -2*i - 44 = -4*y. Calculate the greatest common factor of y and k.
10
Let m(a) = a**3 + 4*a**2 - 4*a - 5. Let x be m(-4). What is the highest common divisor of 11 and x?
11
Suppose 70*c - 75*c + 25 = 0. Suppose 0 = -s + 39 + 6. What is the highest common divisor of s and c?
5
Let c(w) = 91*w**2 + 2*w + 1. Let i(a) = -a**2 + 6*a + 6. Let p be i(7). Let o be c(p). Let j be (-2)/4*o/(-3). What is the highest common factor of 105 and j?
15
Let o be (-2)/((-2)/(-15))*-2. Let y(v) = 25*v - 1. Let p be y(5). Let a = o + p. Calculate the highest common divisor of a and 14.
14
Let n(j) = -2*j - 4. Let w be n(-6). Let h(s) = -4*s**2 + 71*s - 39. Let d be h(17). What is the greatest common factor of w and d?
4
Let a = -16 - -72. Calculate the highest common divisor of 84 and a.
28
Suppose 0 = -4*l - 4*b + 400, -b = -7*l + 3*l + 420. Suppose -d - d = -l. Calculate the highest common factor of d and 78.
26
Let i be (-250)/(-4)*8/10 - 2. What is the greatest common factor of 32 and i?
16
Let k(b) = 6*b**2 - b - 7. Let w be k(-4). Suppose 4*q = -3*g + 125, 3*q = 4*g - 7*g + w. Calculate the highest common divisor of 4 and q.
4
Let c = -131 + 235. Calculate the greatest common factor of c and 13.
13
Let f be -12*(0 - 6/4). Let t = -2 + 4. Calculate the greatest common divisor of f and t.
2
Suppose g + 2*c + 92 = -2*g, 91 = -3*g - c. Let o(n) = -16*n + 2. Let q be o(-4). Let d = q + g. Calculate the greatest common factor of d and 4.
4
Let f(m) = m**2 + 9*m - 24. Let u be f(-12). What is the highest common factor of 48 and u?
12
Suppose -3*j + 14 = -22. Let n(q) = 2*q**2 - q - 1. Let w be n(2). Suppose g + 1 - w = 0. Calculate the greatest common factor of g and j.
4
Suppose 5*u - 16 = 34. Calculate the highest common factor of 5 and u.
5
Let r(m) = m**3 + 12*m**2 + m + 16. Let o be r(-12). Suppose -22 = -3*a + b + 4*b, 5*b = -o*a + 41. What is the highest common factor of a and 45?
9
Let k = -444 + 675. Calculate the highest common factor of k and 21.
21
Let g = -14 - -17. Let v = -5 - -8. What is the highest common factor of v and g?
3
Suppose -4*r + 8 = -3*r. Let z(l) = -l**3 - 2*l**2 - 5*l - 4. Let q be z(-3). Calculate the highest common divisor of r and q.
4
Let h = 6 + -10. Let w be (5/h)/((-3)/36). Calculate the greatest common factor of 5 and w.
5
Suppose -9 = -2*y + 7. Let w be (-10)/((y/(-14))/4). Calculate the highest common factor of 14 and w.
14
Let i be (-8)/(-36) + (-104)/(-18). Let x = i - -1. Suppose 3 = 5*z - x. Calculate the greatest common factor of z and 14.
2
Suppose 9 = -4*z + 153. Let a(y) = -2*y - 7. Let q be a(-9). Suppose 0 = -3*n + q + 1. What is the highest common divisor of n and z?
4
Let y be -1 - (-4)/(-2) - 7. Let b = y + 55. Calculate the highest common factor of b and 30.
15
Suppose 2*f = 14 + 18. Calculate the highest common divisor of f and 8.
8
Let x be (13 + -10)/(1/9). Suppose -8*l = -3*l - 90. Calculate the highest common factor of x and l.
9
Suppose 25 = t + d - 2*d, -76 = -4*t - 2*d. Calculate the greatest common divisor of t and 14.
7
Suppose -2*n + 5*n = 0, 0 = -3*f - 2*n + 6. Calculate the greatest common divisor of 10 and f.
2
Suppose -2*y + 0*y + 64 = 0. Suppose 0 = -2*t + 4*v + 268, -t + 3*t - 244 = -4*v. What is the highest common factor of t and y?
32
Let a be -4*3 - (-1)/(-1). Let n = -8 - a. Suppose 395 = 5*l + 5*y, 0 = n*l - 0*y - 5*y - 385. What is the greatest common divisor of 13 and l?
13
Suppose 16 = 4*x + 4*g, 3*x + g - 3*g = 7. Suppose 6 = -2*a - 3*v, -3*v = -4*v. Let q be a/9 - (-19)/x. What is the highest common divisor of q and 24?
6
Let b = -86 + 110. Calculate the highest common factor of b and 6.
6
Suppose 4*w = 3*v + 10, 5*w = -0*w + 5. Let s be (0 + v)*-2 + 3. Calculate the highest common factor of s and 63.
7
Suppose -11*j = -2927 + 1079. Calculate the highest common factor of j and 48.
24
Let k = 34 + -24. Calculate the highest common divisor of 80 and k.
10
Suppose 4*j - b - 264 = b, 0 = 5*j - b - 330. What is the highest common factor of 33 and j?
33
Let a(w) = -22*w**3 + w + 1. Let b = 11 - 12. Let d be a(b). What is the highest common divisor of 11 and d?
11
Suppose 6*l = 2*l - 8. Let v be (l/5)/((-1)/20). Let r be (8/(-3))/(16/6 - 3). What is the highest common factor of r and v?
8
Suppose 9 = 5*q + 4. Calculate the greatest common factor of 1 and q.
1
Suppose -5*f + 281 = -f - 5*w, -f = -4*w - 84. Suppose 2*r = -0*r + 16. What is the greatest common divisor of f and r?
8
Let c(i) = 15*i**2 + 7*i + 3. Let s be c(-4). What is the highest common divisor of s and 43?
43
Suppose -5 = 3*a - d, 4*d = 9 - 1. Let f be 613/4 - a/(-4). What is the greatest common factor of f and 17?
17
Suppose 5*f + 4*h - 250 = -h, h + 112 = 2*f. Calculate the highest common divisor of f and 6.
6
Suppose 62 + 48 = 2*y. What is the highest common divisor of y and 5?
5
Suppose -3*c + 8 = -c. Let q be (c + -3)*(3 - 1). Suppose q*v = -2*h + 13 + 1, 0 = 5*v - 3*h - 67. Calculate the highest common divisor of 1 and v.
1
Suppose -13 = -7*d + 5*d + v, -4*d = 4*v - 20. Let q(o) = 15*o**2 + 3*o. Let f be q(-2). Calculate the highest common divisor of d and f.
6
Let k = -6 + 7. Suppose k = 5*o - 9. Calculate the highest common divisor of o and 2.
2
Let w = -17 - -39. Let q be (-9 - (-6)/(-3))*-5. Calculate the greatest common divisor of w and q.
11
Suppose 5*w + 15 = 0, -5*z + 118 = w + 6. Suppose -3*d - 805 = -10*d. What is the highest common factor of z and d?
23
Let f be (-3)/(-1)*11*1. Suppose 3 = 4*k - f. Calculate the highest common divisor of 72 and k.
9
Let f = -9 + 15. Suppose 0 = -v + f*v - 150. Calculate the greatest common divisor of 20 and v.
10
Suppose -4*t + 1154 - 418 = 0. Let y = -94 + t. What is the highest common divisor of 36 and y?
18
Suppose 4*m + m - j - 18 = 0, 0 = 3*m - 2*j - 15. Suppose -2*i + i = 3*n - 36, 0 = -4*i - m*n + 162. Calculate the highest common factor of i and 105.
21
Suppose 0 = -r - 0*r + 20. What is the highest common divisor of r and 140?
20
Let u(v) = v**2 + v + 2. Let h be u(-6). Let l = 13 - 9. Suppose -4*n = 3*q - 36, 3 = l*n - 5*n. Calculate the highest common factor of h and q.
16
Suppose -2*m + 70 = -m. What is the greatest common factor of 28 and m?
14
Let o